 h be f - 4/((-12)/(-9)). Let q be 4 + 0 + (h - 0). Let c(m) = 2*m**2 + 2*m + 1. Determine c(q).
13
Let d(j) be the second derivative of j**5/20 - j**4/4 - j**3/2 - j**2/2 + 40*j + 2. What is d(4)?
3
Let t(c) be the third derivative of -c**6/120 + 3*c**5/20 + 11*c**3/6 - 22*c**2 + c. Give t(9).
11
Let f(m) = 0*m + 5*m + 24 - 23 + 5*m - 6*m. Suppose 3*c = -16 - 2. Let n(p) = 2*p + 9. Let s be n(c). Give f(s).
-11
Let x(k) be the third derivative of -1/6*k**3 - 15*k**2 + 0 + 1/60*k**5 + 0*k - 1/8*k**4. Let p = -1 + 4. Determine x(p).
-1
Let q(m) be the third derivative of -m**6/120 + 3*m**5/20 - 3*m**4/8 - 2*m**3/3 + 24*m**2 - 5*m. Give q(8).
-12
Let k be (-3)/(-2)*(-40)/(-15). Let v(x) = -3*x**2 - 10*x**2 + 8 - 4 - 3*x + 14*x**2. Determine v(k).
8
Let n be (-3 - 12/(-2)) + (4 - 8). Let q(p) = -26*p**2 + 1. Calculate q(n).
-25
Let o(f) be the second derivative of 3*f**2 + 0*f**4 + 1/6*f**3 + 28*f + 0 + 1/20*f**5. Let l = -2 - -2. Calculate o(l).
6
Let u(n) = n**3 + 4*n**2 + 4*n + 1. Suppose 34 = -5*g + 4*g. Let j = g + 31. Determine u(j).
-2
Let d be 12/(-18) - (-47)/3. Suppose 5*m - 4*j + d = 0, -m + 3*j - 12 = 2*m. Let b(w) = 7*w + 1. Determine b(m).
8
Let n(h) = -35*h**3 + h**2 + h + 1. Suppose -11 = 40*d - 29*d. Calculate n(d).
36
Let d(v) = v**3 - 6*v**2 + v + 3. Let j(x) = x + 11. Suppose -22 = 5*t - y, 3*t + 0*y = 5*y. Let z be j(t). Give d(z).
9
Let v(o) be the first derivative of -o**2 + 15*o + 118. Calculate v(9).
-3
Let p = 2 - -1. Suppose p*b = b + 6. Let d(o) be the third derivative of -o**4/8 + 2*o**3/3 - 14*o**2. Determine d(b).
-5
Let o(b) be the second derivative of -b**3/6 + 3*b**2/2 - 864*b. Determine o(12).
-9
Let r be 7 + (-5 - 0/5). Let d(k) = -4*k**2 + 2*k - 1. Calculate d(r).
-13
Let z(i) = -17 + 14*i - 13*i**2 - i**2 + 5 - 6 - i**3. Give z(-15).
-3
Let b = 30 - 27. Suppose 0*f = -2*m + 5*f - 13, 3*f = b*m + 15. Let l(u) = u**3 + 3*u**2 - 6*u - 6. What is l(m)?
2
Let n(j) = -j**2 + 3*j + 1. Let s be 1 + 3*-1*-3. Let b be 124/24 - (-1)/(-6). Suppose b*g - 10 = s. Determine n(g).
-3
Let u = 12 + -9. Suppose -u*r - 9 - 3 = 0. Let x(j) = -3*j + 0*j - j**2 - 2 + 3*j - 3*j. What is x(r)?
-6
Suppose 0 = 6*d - 7 + 37. Let g(h) be the second derivative of -1/2*h**3 + h + 0 - 3*h**2. What is g(d)?
9
Suppose 4*g + 4*s = 488, -4*s = -2*g + 112 + 126. Let m = g + -127. Let u(v) = -v - 7. What is u(m)?
-1
Let m(f) = f**2 - 9*f + 10. Let r be m(7). Let d(k) = 1 - 1 - 1163*k + 1164*k - 5. Give d(r).
-9
Let g(a) = a**3 - 4*a**2 + 4*a - 1. Let t be g(3). Let c(v) = v - 5. Let z be c(t). Let p(b) = 4*b - b**3 - 2*b - 3 - 2*b**2 - 3*b. Calculate p(z).
9
Let n be 84*4/(-24)*3. Let c = n - -48. Let a(s) = s. Calculate a(c).
6
Let y(m) = 3*m - m**2 - 435 - 434 + 864. What is y(7)?
-33
Let p(g) = g - 6. Let q be ((-90)/(-8))/5*-16. Let d = -36 - q. Calculate p(d).
-6
Let j(z) = 11*z - z**2 + 300 - 302 - 3*z. Calculate j(9).
-11
Let p(i) = -i**2 - 6*i + 3. Let q(s) = s**2 - 19*s + 13. Let r be q(18). Let g be 3 - (0 - -2) - -2. Let v be (r - 6/g) + 1. What is p(v)?
3
Let x(a) = a**2 + 4*a + 6. Let z(m) = m**2 + 6*m + 6. Let r be z(-4). Let f = -71 - -60. Let v be r/f + 92/(-22). Calculate x(v).
6
Let h(p) be the third derivative of 0*p - p**2 + 0*p**3 + 13/24*p**4 + 0. Determine h(-1).
-13
Let y(k) = 9*k**3 - 17*k**2 + 14*k. Let j(g) = 3*g**3 - 6*g**2 + 5*g. Let u(x) = -11*j(x) + 4*y(x). Let f be u(1). Let l(r) = 12*r - f + 2 - 1. Determine l(1).
11
Let v(r) = r**2 - 9*r + 2. Let p(b) = -2*b**2 + 18*b - 5. Let k(g) = 2*g**2 + 14*g + 5. Let d be k(-6). Let z(a) = d*v(a) - 3*p(a). What is z(7)?
15
Let m(t) = 23*t**3 - 2*t**2 - 7*t - 12. Let b(d) = -13*d**3 + d**2 + 4*d + 5. Let w(v) = -7*b(v) - 4*m(v). Calculate w(0).
13
Let m(k) = -k**2 + 5*k. Suppose 4*d = 7 + 17. Calculate m(d).
-6
Let n(y) = -1 + 0*y + 2*y - 4. Let i = 21 + -21. Suppose 4*u = 4*v + 24, -5*u + 0*u + 2*v + 24 = i. Calculate n(u).
3
Let t(i) = -20*i - 20. Let f(a) = 9*a + 10. Let x(p) = 14*f(p) + 6*t(p). Calculate x(-3).
2
Let z(l) = -9*l + 2*l + l - 5*l**2 - l**3 - 1. Let v = -9 - -11. Let f = v - 6. Calculate z(f).
7
Let o be (1 - -2)*6/(-2). Let h(x) = -x**2 - 7*x + 13. Give h(o).
-5
Let l be 15/25 + ((-52)/(-5) - 3). Suppose 10 = 5*z, -l = -5*k + z - 30. Let t(s) = s + 5. Determine t(k).
1
Suppose 5 = t, 3*t - 6 - 13 = -x. Suppose -53 = -x*r + 43. Suppose 6 - r = 3*o. Let s(m) = -m**2 - 5*m + 6. Determine s(o).
0
Let c(j) = j**2 - 16*j + 18. Let q be c(15). Suppose q*r - 16 = -1. Let a(d) = 3*d + 2 + d - r*d. Give a(4).
-2
Let d(m) be the second derivative of m**4/12 - 7*m**3/3 - m**2 + 52*m. Calculate d(14).
-2
Let g(l) be the first derivative of 0*l**2 - l**2 - 2*l**2 + 2*l + 2*l**2 + 23. Suppose -y = 2*y + 9. What is g(y)?
8
Let i be (-4)/(-6)*(3 + -6). Let x(a) be the first derivative of -a**7/840 + a**5/120 + 11*a**3/3 + 4. Let d(b) be the third derivative of x(b). Give d(i).
6
Let u(d) be the first derivative of -2*d**2 + 11*d + 452. Determine u(0).
11
Let r(p) = 34*p**3 - 2*p**2 + 3*p - 1. Let m be r(1). Suppose 0 = 7*o + m + 50. Let k(h) = h + 16. Determine k(o).
4
Let g be ((-3)/30*18)/(3/(-15)). Suppose -k = g*k - 30. Let q(s) = -s**3 + 5*s**2 - 5*s + 2. Give q(k).
5
Let t(p) = -p + 13. Let m(i) = i**2 + 18*i - 26. Let l be m(-20). What is t(l)?
-1
Let c(n) = -n. Let k(x) = -x. Let w(b) = c(b) - 2*k(b). Suppose -2*g - g - 15 = 0. Calculate w(g).
-5
Let i(d) = -d + 4. Suppose 13*o + 33 = 16*o. Give i(o).
-7
Let w(f) = f**3 - f**2 - f + 6. Let x(y) = -y**2 + y - 1. Let h(u) = -w(u) - 3*x(u). Let j(q) = q**2 + q. Let v be j(-1). Let o = 3 + v. Calculate h(o).
0
Suppose -14*j + 459 = -325. Let x(k) = 5*k - 55*k**2 + k + j*k**2 - 1. Determine x(-3).
-10
Let j(m) be the second derivative of -1/20*m**5 + 0 - 2*m**2 + 4*m + 1/2*m**4 + 7/6*m**3. Calculate j(7).
-4
Let r(q) = -q - 13. Let z be r(-5). Let b(u) = -3*u + 4. Determine b(z).
28
Let o(x) be the first derivative of -x**5/20 - x**4/4 + x**3/6 + x**2 + x - 2. Let a(j) be the first derivative of o(j). Let m = 5 - 7. What is a(m)?
-4
Let u be 1/4 - 50/8. Let j be (-47)/(-9) + u/27. Let b(k) be the third derivative of -k**4/12 + k**3/6 + k**2. Give b(j).
-9
Let y(t) = -15*t - 2. Let f(b) = -5 - 4 + 8*b + 10. Let n(o) = 5*f(o) + 3*y(o). What is n(-1)?
4
Let s(f) = 6*f - 55. Let z(p) = -p + 12. Let q(i) = -s(i) - 5*z(i). What is q(-6)?
1
Let i(v) = 5*v**3 + 7*v**2 + 6*v + 4. Let c(u) = 2*u**3 + 3*u**2 + 3*u + 2. Let f(n) = -7*c(n) + 3*i(n). Let o be (-6)/2 + 2/(-4)*-2. Determine f(o).
-4
Let z(g) be the first derivative of -3*g**2/2 - g + 622. What is z(-7)?
20
Let k be -3 - (1/(-1) - 24/3). Let f(v) = -v + 8. Determine f(k).
2
Suppose 0 = 121*v - 109*v - 12. Let h(c) = c**3 - 5*c**2 + 4*c - 2. Determine h(v).
-2
Let h(z) = z. Let u(y) = y. Let b(v) = 7*h(v) - 6*u(v). Let q(t) = -252*t - 499. Let a be q(-2). What is b(a)?
5
Let f(z) = 2*z**2 - 21. Let w(a) = a**2 - 22. Let k be 11 + -14 - (-6 + 0 + 0). Let d(t) = k*w(t) - 2*f(t). What is d(0)?
-24
Let x(b) = 9 + 99*b - 50*b + 3 - 53*b - 18. What is x(-6)?
18
Let m(k) = 12*k. Let b(c) be the first derivative of -c**3/3 - 4*c**2 - 8*c - 38. Let a be b(-7). Give m(a).
-12
Suppose 5*a + 14 + 1 = -5*w, -4*a - 5*w = 16. Let s(g) = 2 + 2*g - 433*g**2 - a + 434*g**2. Calculate s(2).
9
Let n(v) = -v**3 + 5*v**2 + v - 3. Let i be n(5). Let q(m) = -i*m + 1 - 3*m - 6*m. Let t(x) = x**3 + 8*x**2 - x - 9. Let z be t(-8). Calculate q(z).
12
Let j(x) = x**2 - 10*x + 9. Let v(n) = -2*n**2 + 14*n - 13. Let z(h) = -7*j(h) - 5*v(h). Let l be z(1). Let k(u) = -u + 5. Determine k(l).
0
Let s(y) = 0 + 2 - 3 + 8*y + y**2 + 4. What is s(-8)?
3
Let l(i) = -3*i**2 + 5*i. Let n be -1 + 10 - (-4)/2. Let z(s) = 8*s**2 - 14*s. Let o(f) = n*l(f) + 4*z(f). Determine o(-3).
-6
Let b(r) = 8*r**3 - 4*r**2 + 4*r - 1. Let l be b(1). Let w(u) = -4*u + 4. Calculate w(l).
-24
Suppose 5*j + 2 = -3*p, 3*p + 2 + 12 = j. Let u(g) = -2 - 5 + 16 - 2 - j*g. Determine u(7).
-7
Let i(x) be the third derivative of -x**6/120 - 7*x**5/60 + 3*x**4/8 + x**3/3 - 12*x**2. Suppose -2*l = s + 2*l + 24, 4*s - 2*l = -24. Determine i(s).
-6
Let s(u) = -16*u**3 + 7*u**2 + 7*u + 6. Let m(t) = -19*t**3 + 8*t**2 + 6*t + 5. Let j(q) = -5*m(q) + 6*s(q). Determine j(5).
-4
Let i(y) = -2*y**3 - 18*y**2 - 24*y + 23. Let m(u) = u**3 + 9*u*